0001333
In base 4, what is -100000200013 + 0?
-100000200013
In base 5, what is 1101112322 + 3?
1101112330
In base 12, what is -a88595 + 0?
-a88595
In base 16, what is 2c63 + -4?
2c5f
In base 2, what is -1101 - -1010000010000?
1010000000011
In base 9, what is -5 + 324606?
324601
In base 16, what is 7177 - -6e?
71e5
In base 8, what is -5360 + 51?
-5307
In base 12, what is -3 - 1436a?
-14371
In base 9, what is -668 - -11074?
10305
In base 12, what is -3 - 68a03?
-68a06
In base 12, what is 7ba7 + 0?
7ba7
In base 6, what is -443 - 2351?
-3234
In base 3, what is -11020 - -112221?
101201
In base 16, what is 0 + -3b6bc?
-3b6bc
In base 6, what is -4 - -230405?
230401
In base 13, what is 2b5b + c?
2b6a
In base 5, what is -42012 - 144?
-42211
In base 13, what is 22 + c61?
c83
In base 5, what is -4432 + -1441?
-11423
In base 6, what is -2 + -3112551?
-3112553
In base 12, what is -35 + -199?
-212
In base 2, what is -111 + 1011010001000?
1011010000001
In base 16, what is -7b7 - 1c?
-7d3
In base 5, what is 10241224 + 2?
10241231
In base 11, what is 592739 - 3?
592736
In base 3, what is -1101201100211 - 2?
-1101201100220
In base 15, what is 4 - 478e2?
-478dd
In base 15, what is 37c9 + -2e?
379a
In base 12, what is -3 - -633?
630
In base 16, what is -12 + -1e54?
-1e66
In base 11, what is -42405 + 5?
-42400
In base 8, what is 11 - -2160534?
2160545
In base 8, what is -240452 + -4?
-240456
In base 6, what is -301542 - -3?
-301535
In base 6, what is -5 - -2555130?
2555121
In base 3, what is -1121 - -11002110?
11000212
In base 13, what is 306c + -241?
2b2b
In base 13, what is -18ab22 - -4?
-18ab1b
In base 15, what is -57 + bba?
b63
In base 10, what is 512779 + -2?
512777
In base 5, what is 1342133 + 231?
1342414
In base 15, what is -a - -71b1?
71a6
In base 2, what is -11001 - 1011101010100?
-1011101101101
In base 7, what is -125 + -23143?
-23301
In base 4, what is -23213 + -13?
-23232
In base 9, what is -5 + -6840?
-6845
In base 15, what is 1226 - -5?
122b
In base 10, what is 3 + 258803?
258806
In base 5, what is 124330022 + 23?
124330100
In base 12, what is -843a - -3?
-8437
In base 11, what is 1008 + -10?
aa8
In base 10, what is -4 + 150890?
150886
In base 8, what is -33474 + 212?
-33262
In base 12, what is 46 - 42b0?
-4266
In base 6, what is 1224402 - 0?
1224402
In base 4, what is 10 + -2113013?
-2113003
In base 7, what is 110005 + 150?
110155
In base 8, what is -25123 - 0?
-25123
In base 10, what is -28 + 2210?
2182
In base 8, what is 6 + -1645363?
-1645355
In base 3, what is -201210 + 10221?
-120212
In base 5, what is 21041 + -44?
20442
In base 8, what is -320 - -21?
-277
In base 10, what is 69 - 2276?
-2207
In base 4, what is 1223212131 - 3?
1223212122
In base 7, what is 52046 - -22?
52101
In base 15, what is -3118 + 4?
-3114
In base 3, what is -20211 - 2020?
-100001
In base 6, what is 3 - -155315?
155322
In base 9, what is 58 + -1440?
-1371
In base 11, what is -2 - -1504?
1502
In base 2, what is 101 - -10010000111110000?
10010000111110101
In base 12, what is -24 - -a93?
a6b
In base 8, what is -16426 + -4?
-16432
In base 7, what is 546 - 102?
444
In base 16, what is 4c86 + -16?
4c70
In base 10, what is 4 + -259?
-255
In base 9, what is 1555806 + 0?
1555806
In base 5, what is 134404 + 102?
140011
In base 3, what is -10011122111101 - 1?
-10011122111102
In base 16, what is 3 + 5c799?
5c79c
In base 6, what is -201 + 32553?
32352
In base 8, what is 101713 + -250?
101443
In base 3, what is 100012 + -121?
22121
In base 9, what is 244 - -512?
756
In base 15, what is -1 - -35426?
35425
In base 13, what is 37cc + -1c7?
3605
In base 6, what is 424122 + 2?
424124
In base 3, what is 2100010221 + 20?
2100011011
In base 2, what is -1 + 1000001001100011001?
1000001001100011000
In base 5, what is -21021 - 10?
-21031
In base 10, what is 3 + 7946?
7949
In base 15, what is -6809 - 2?
-680b
In base 2, what is -10 - -101001011111001011?
101001011111001001
In base 11, what is -a64 - 23?
-a87
In base 2, what is 11001111010110 + -101?
11001111010001
In base 15, what is -d + -11b6?
-11c4
In base 5, what is 3101 - 2441?
110
In base 5, what is 32303023 - -10?
32303033
In base 7, what is -215 - -236?
21
In base 14, what is da62 - -b?
da6d
In base 10, what is 184945 - 4?
184941
In base 15, what is -b599 - -d?
-b58b
In base 5, what is 3 + -20120?
-20112
In base 2, what is 101001100111010 - 101?
101001100110101
In base 11, what is -4 + 162622?
162619
In base 16, what is 837e + b?
8389
In base 2, what is -10100001100000 - -1010001?
-10100000001111
In base 12, what is 380a - -a?
3818
In base 6, what is -5002 - -11?
-4551
In base 12, what is 31ba - -7?
3205
In base 3, what is 12100212200 + -2?
12100212121
In base 11, what is a0 + -6371?
-6281
In base 2, what is 10001101101 + -100000010100?
-1110100111
In base 10, what is 5 - -890183?
890188
In base 6, what is 544533351 - -5?
544533400
In base 5, what is -1430022 + -21?
-1430043
In base 10, what is -3679 - -294?
-3385
In base 5, what is 211142 - 30?
211112
In base 7, what is -13 - -4363115?
4363102
In base 3, what is 0 - 210122200?
-210122200
In base 4, what is -202 + 12011?
11203
In base 7, what is -11613 - -101?
-11512
In base 9, what is -108528 + 4?
-108524
In base 11, what is 16238 - -7?
16244
In base 5, what is 0 - -12033442?
12033442
In base 11, what is 230 + -209?
22
In base 2, what is -111000101 + -100100101000?
-101011101101
In base 3, what is -12000 + 11212212?
11200212
In base 10, what is -102176 + -5?
-102181
In base 3, what is -2 - -10?
1
In base 5, what is -10 - 2421241?
-2421301
In base 6, what is -2 + -300144?
-300150
In base 14, what is 44348 - 2?
44346
In base 4, what is -11 + -102020?
-102031
In base 4, what is 0 - -10111003?
10111003
In base 8, what is 47476 - 124?
47352
In base 7, what is 4 - -2116345?
2116352
In base 14, what is -6 + -d6ca?
-d6d2
In base 3, what is 22 - -12221210102?
12221210201
In base 4, what is -1 + -3331203?
-3331210
In base 15, what is 1a27d + -4?
1a279
In base 11, what is -15a28 - -19a?
-15839
In base 3, what is 120 + -21101202?
-21101012
In base 4, what is 103310 - 132?
103112
In base 16, what is 4 + 420c?
4210
In base 15, what is 46 + -d88?
-d42
In base 8, what is -177 + 247?
50
In base 4, what is 22 - 1122021?
-1121333
In base 4, what is 112030032 - 10?
112030022
In base 16, what is 4d096 - 0?
4d096
In base 9, what is 5 + -24555?
-24550
In base 14, what is 1710 - 0?
1710
In base 13, what is -50831 - -3?
-5082b
In base 6, what is 21003 + -215?
20344
In base 7, what is 10 - 15062?
-15052
In base 12, what is 3b - 58?
-19
In base 8, what is 7 - -71022?
71031
In base 2, what is -11101111001011 + -110?
-11101111010001
In base 2, what is 1011000100101110001 + 0?
1011000100101110001
In base 9, what is -55131 + 123?
-55007
In base 16, what is -27200 + 3?
-271fd
In base 11, what is 1576969 + -3?
1576966
In base 9, what is 101 - -144?
245
In base 16, what is -1 + -64c4?
-64c5
In base 5, what is -2223403 + 4?
-2223344
In base 15, what is 8a + -73?
17
In base 11, what is 15 + -a633?
-a619
In base 11, what is -4 - 14407?
-14410
In base 6, what is 453 - -123?
1020
In base 13, what is 1 - -36c6?
36c7
In base 5, what is -110 - -334?
224
In base 3, what is 21 + -11101021?
-11101000
In base 11, what is -418817 - 1?
-418818
In base 9, what is -544343 - 0?
-544343
In base 13, what is 3b79 + -3?
3b76
In base 14, what is -1 - -16da?
16d9
In base 7, what is 2 - 204265?
-204263
In base 10, what is 0 + 6853?
6853
In base 9, what is -1375 - -4381?
3005
In base 11, what is 8 - 773a4?
-77397
In base 5, what is -11113212 - 0?
-11113212
In base 2, what is 101001111 + 101101?
101111100
In base 14, what is -2 - -3052?
3050
In base 11, what is 60a7 - 10?
6097
In base 8, what is 17067 + -10?
17057
In base 3, what is 21022111 - 122?
21021212
In base 15, what is -9 - -1a719?
1a710
In base 15, what is -1144 + 16?
-112d
In base 12, what is -2 + 42b2a?
42b28
In base 9, what is 717 - -242?
1060
In base 11, what is -4a76 + 4?
-4a72
In base 11, what is -3 + 639170?
639168
In base 3, what is 10121011200 + -12?
10121011111
In base 6, what is 1112 - 34535?
-33423
In base 11, what is 41 + 3889?
391a
In base 2, what is 11001111 + 11001100101?
11100110100
In base 7, what is -4 - 5003?
-5010
In base 16, what is -160 + -684?
-7e4
In base 2, 